p + 74745. What are the prime factors of p?
24917
Suppose 191*s - 69 = 194*s. Let b = s + 25. What are the prime factors of b?
2
Let m(t) = -24*t - 490. List the prime factors of m(-21).
2, 7
Let p = -5067 - -17657. What are the prime factors of p?
2, 5, 1259
What are the prime factors of ((-8)/(-18))/((-482)/(-9576135))?
2, 5, 883
Let c(n) = 13*n - 4. Let r(g) = -26*g + 4 - 27*g + 75*g - 34*g. Let h(m) = 2*c(m) + 3*r(m). List the prime factors of h(-1).
2, 7
Let i(n) = 14*n**2 - 3 - 105*n + 82*n + n**3 + 57*n. What are the prime factors of i(-10)?
3, 19
Let f(g) = -g - 5. Let n be f(15). Let l = -15 - n. Suppose -l*a + 179 = -41. List the prime factors of a.
2, 11
Suppose 5*o - 293 = -a, -a = -0*o + 4*o - 296. List the prime factors of a.
2, 7, 11
Let m(c) = -3*c - 7. Let b be m(-4). Suppose -b*d + 136 - 36 = 0. List the prime factors of d/70 + (-68)/(-7).
2, 5
Let d(g) = g**2 + g + 1. Let h = 17 + -51. Let c = h + 31. List the prime factors of d(c).
7
Suppose -2*j + 62*j + 71297 = 402377. List the prime factors of j.
2, 31, 89
Suppose -156 = -3*p + 3*k + 237, -p = -2*k - 131. Let c = 901 - p. List the prime factors of c.
2, 5, 7, 11
Suppose -17*u - 2644 = -19*u - 6*i, 35 = -5*i. List the prime factors of u.
17, 79
Let z = 500 - 475. Suppose -7627 + 2452 = -z*j. List the prime factors of j.
3, 23
Suppose -4*t - 8925 = -k, -3*k - 11*t + 9*t + 26761 = 0. What are the prime factors of k?
11, 811
Suppose h = -3*i + 1750, -2*i + 1785 - 621 = 2*h. Let k = i + -377. Suppose -3*u = -2*t - k, 5*u - 205 = -5*t + 165. What are the prime factors of u?
71
Let m = 132 - -215. Suppose 0 = -5*q + m + 328. What are the prime factors of (-266)/3*(q/(-10))/9?
7, 19
Let k(s) = s - 138. Let m be k(0). Let r(t) = 18*t - 212. Let n be r(12). What are the prime factors of m*(6 - n)/(-2 + 0)?
2, 3, 23
Let k(n) = 2*n**3 + 5*n**2 - 6*n - 16. Let c be k(3). Suppose 0 = 57*t - c*t + 5672. List the prime factors of t.
709
Suppose -44*m = 5681 - 426717. Suppose m = -20*u + 36889. What are the prime factors of u?
2, 683
Suppose 5*c = -2*b + 4192, 16*b - 15*b - 3*c = 2118. What are the prime factors of b?
2, 3, 13
Suppose -3*f - 4*z + 180 = -441, -4*f + 803 = -3*z. Suppose -246*t + 728 = -238*t. Let j = f - t. List the prime factors of j.
2, 7
Suppose 5 = 5*f - c, 0 = -0*c - 5*c + 25. Let y(o) = -o + 3*o**2 - 2*o**2 - 7*o**2 - 2 + 28*o**3 + 4*o**f. List the prime factors of y(2).
2, 53
Let n be ((-10)/(-50)*-5)/((-2)/10). Suppose n*j - 17748 = -24*j. What are the prime factors of j?
2, 3, 17
Let g(f) = f**3 - 40*f**2 - 177*f + 365. List the prime factors of g(50).
3, 5, 367
Let q(d) = 1034*d**2 + 33*d + 206. List the prime factors of q(-9).
83663
What are the prime factors of 144/(-80)*(-8980)/12?
3, 449
Suppose -3*h + 145 = -44. List the prime factors of (-14)/147 + 1770/h.
2, 7
Let q = -6125 + 10687. List the prime factors of q.
2, 2281
Let x = 94 - 83. What are the prime factors of x/(693/(-27)) + 367/7?
2, 13
Suppose -17*i + 8202 = -43165 - 12383. List the prime factors of i.
2, 3, 5
Let a(h) = 16*h - 48. Let z be a(9). Suppose -z*s + 177 = -93*s. List the prime factors of s.
59
Suppose 0 = 12*h - 6*h - 1530. Let s be (h/10)/((-3)/468). List the prime factors of 4/(-22) - s/99.
2, 5
Let f(y) = -20*y - 17. Let w be f(-1). What are the prime factors of (-84)/(-126) - (-637)/w?
3, 71
Let c = 501 + 134. Suppose 201*t - 206*t + c = 0. What are the prime factors of t?
127
Let w = 27 - 27. Suppose w = 17*f - 15*f. Suppose -5*g + 4*g + 72 = f. List the prime factors of g.
2, 3
Let s be (((-2)/(-3))/2)/(5/13305). Suppose 0*w + n - s = -3*w, 1184 = 4*w + 2*n. List the prime factors of w.
5, 59
Let d = 5007 - 2076. What are the prime factors of d?
3, 977
Suppose -2*x - 15 = 4*m + m, 0 = 5*x + 2*m + 6. Suppose -9*t - 27 + 0 = x. What are the prime factors of (59/(-4))/(t/24)?
2, 59
Let s(y) = 22*y**2 - 11*y - 8. List the prime factors of s(-10).
2, 1151
Let w(z) = z**2 + z - 27824. Let k be w(0). Let d be 3/7 + k/112. Let r = -156 - d. What are the prime factors of r?
2, 23
Let a be (-31)/((-2)/(-12)*6/4). Let s = a + 231. List the prime factors of s.
107
Let s(w) = 257*w**2 - 14*w - 28. What are the prime factors of s(-4)?
2, 3, 5, 23
Let v(n) = 85*n**3 - 6*n**2 + 8*n. What are the prime factors of v(4)?
2, 3, 7
Suppose 199 + 536 = 3*c. Suppose -z + c + 1421 = 0. What are the prime factors of z?
2, 7, 17
Let g(d) be the first derivative of -18 - 5*d + 1/3*d**3 - 3/2*d**2. List the prime factors of g(-2).
5
Let h be 1124 - (-3)/(-4 - -7). Suppose -5*j + h = -0*j + 5*k, 3*k = -j + 231. Let m = -126 + j. List the prime factors of m.
2, 3
Let n(h) = 13*h**2 - 427*h + 83. List the prime factors of n(-19).
12889
Suppose -n - 3*x = -26265, -4*n + 104975 = 12*x - 17*x. What are the prime factors of n?
2, 3, 5, 7
What are the prime factors of 14761 - ((26 - 9) + -5)?
7, 43
Let q(v) = 778*v**2 - 16*v + 118. What are the prime factors of q(4)?
2, 7, 19, 47
Suppose -2*u = -4*u - 3*n + 554, -1102 = -4*u - 3*n. Suppose 0 = -a + u + 204. What are the prime factors of a?
2, 239
Suppose 0 = -329*z + 373*z - 108856. List the prime factors of z.
2, 1237
Let m be -3 + -20 - 20/(-10). Let l be (m/(-14))/((-4)/(-2160)). List the prime factors of (l/36)/((-2)/(-20)).
3, 5
Let z(s) = s - 71. Let a be z(0). Suppose -5*x - k + 324 = 0, -x + 5*k = 3*k - 56. Let r = x - a. What are the prime factors of r?
3, 5
Let t(y) = 121*y + 361. List the prime factors of t(26).
3, 7, 167
Let g = -706 - -83098. What are the prime factors of g?
2, 3, 3433
Let o(k) = -2*k - 32. Let z be o(-18). Suppose z*v - 116 = 8. Suppose l = v + 7. List the prime factors of l.
2, 19
Suppose -291641 = 170*d - 6285501. What are the prime factors of d?
2, 17, 61
Suppose -9*j - 8 - 1 = 0. Let z be (2/3)/(j/516*-8). Suppose 0 = 8*n - z - 53. List the prime factors of n.
2, 3
Suppose 3*h = 4*b - 28593, b = 5*b + 3*h - 28575. Suppose 3414 = 8*k - b. List the prime factors of k.
2, 3, 5, 11
Suppose -2*z = 4*k + 288, -3*k + 2*z - 216 = z. Let r = 75 + k. Suppose 0 = 5*w - r*u - 160, -3*u - u = 3*w - 96. List the prime factors of w.
2
Let p = 339 - 174. Let w = p - 91. Suppose -w*l = -70*l - 564. What are the prime factors of l?
3, 47
Suppose -f - 116469 = -5*j, -4*j - 4*f + 5965 + 87191 = 0. What are the prime factors of j?
23293
Let c = 45 - 29. Let w be 69/(-2)*c/(-24). Suppose w - 403 = -5*t. List the prime factors of t.
2, 19
Let w(r) be the first derivative of 63*r**2/2 + 193*r + 119. List the prime factors of w(6).
571
Let v(g) = 84*g**2 + 82*g - 583. What are the prime factors of v(9)?
6959
Let u(h) = -691*h - 159. List the prime factors of u(-10).
43, 157
Let g be (2 - 5)/(36/(-48)). Let q(r) = 83*r + 17. Let h be q(g). Suppose -2*p - 47 = 2*d - h, d = 4*p - 619. What are the prime factors of p?
2, 7, 11
Suppose -y - 3 = 0, -5*i + 941 = -3*y - 2238. Let t = 1662 - i. List the prime factors of t.
2, 257
Suppose -4*v = -4*s - 18144, -4*v - 2*s = -8*v + 18130. What are the prime factors of v?
7, 647
Let s(m) = 2*m**2 - 22*m - 25. Let v be s(12). Let g be ((-10)/(-6))/((-2)/(-1104)). What are the prime factors of v/(-3) + g/30?
31
Let s = 538 + 17726. What are the prime factors of s?
2, 3, 761
What are the prime factors of 1 + (1 - -2) + 2096/4?
2, 3, 11
Suppose -3*b + 48398 = 4*c, -5*c - 4*b + 38040 + 22459 = 0. What are the prime factors of c?
5, 41, 59
Suppose 0 = -2*d - 10*d + 11975 + 13117. What are the prime factors of d?
3, 17, 41
Let z(b) be the third derivative of 7*b**4/12 + 43*b**3 - 2*b**2 + 8. List the prime factors of z(0).
2, 3, 43
Let g = 4044 + 5188. What are the prime factors of g?
2, 577
Let o be (-2)/3*3*378. Let g = -357 - o. Suppose 3*t = 5*x + g, 271 = -3*t + 5*t - 5*x. What are the prime factors of t?
2
Suppose 3*p + 2102 - 10057 = -4*i, 2*p = -6. What are the prime factors of i?
11, 181
Suppose 0 = -12*z - 9*z + 26985. Suppose 960 = k + 2*k - 2*q, q + z = 4*k. What are the prime factors of k?
2, 7, 23
Suppose -6*k = -8*k + 60. Suppose -2*a = -i - 6, -3*a - 5*i = -k - 5. Suppose a*y + 2*q = 180, 5*y + 3*q - 4*q - 165 = 0. List the prime factors of y.
2, 17
Let u be ((-166)/(-6))/(2/6). Let i(p) = 2*p**2 + 20*p + 84. Let q be i(-6). Suppose -u = -o + q. What are the prime factors of o?
7, 17
Let o = 3084 - 1851. S